git of c?
5
Suppose 0 = -l + 2*p + 66, 3*l = 2*p + 167 + 39. What is the units digit of l?
0
Suppose 0*m - 2*m - 6 = 2*a, -4*a = 4. Let v = m - -5. Suppose -v + 11 = 2*o. What is the units digit of o?
4
Let b be 1/((6/(-4))/(-3)). Suppose -u + b = 3. Let z = u - -6. What is the units digit of z?
5
Suppose -2*i - 3 = -5*j + 22, 13 = -4*j - 5*i. Suppose 5*b - 5*f = -f + 700, 3*b = -j*f + 420. What is the units digit of (-4)/(-10) + b/25?
6
Let v = 345 + -246. What is the tens digit of v?
9
Suppose -l = -2*r + 6 + 68, -5*r - 5*l = -200. What is the units digit of r?
8
Let n(y) = 51*y**2 - 1. Let b be 65/(-55) - 4/(-22). Let i be n(b). Suppose i = 2*k + 3*k. What is the units digit of k?
0
Let d be (1/(-3))/(2/(-138)). Suppose -4*i - 4 + 12 = 4*f, 4*f - d = -i. What is the units digit of (f/(-2))/((-3)/6)?
7
Let o(s) = -2*s - 1. Suppose 3*n - 5*n = -6. Let r(l) = l**2 - 5*l + 1. Let u be r(n). What is the units digit of o(u)?
9
Let q(j) = j**3 - j**2 - 3*j - 2. Let w(s) = -s + 12. Let b be w(9). What is the units digit of q(b)?
7
Let z = 6 + -2. Suppose 4*y - 8 = 2*s + 2*s, 5*s + 10 = -2*y. Suppose y*t = t - z. What is the units digit of t?
4
Let o = 133 + -51. What is the units digit of o?
2
Suppose 9*x = -5*o + 10*x + 625, -3*x - 635 = -5*o. What is the hundreds digit of o?
1
Suppose 4*r = 3*r - 9. Let g = 16 + r. What is the units digit of 1/g + (-20)/(-7)?
3
Suppose 2*f + 0*f = 0, -2*f = -x - 6. Let q(s) = s**3 + 7*s**2 + 5*s - 3. Let p be q(x). What is the units digit of 2 - -2*p/6?
3
Let c be (14/4 - 0)*2. What is the units digit of -2 + 2 - c/(-1)?
7
Suppose 162 = 5*q - 2*q. What is the units digit of q?
4
Let h(y) = 3*y**2 + 14*y + 18. What is the tens digit of h(-9)?
3
Let r = 21 + -11. What is the units digit of r?
0
What is the tens digit of -1 - -1 - (-80 - -3)?
7
Let z(b) = b**3 + 8*b**2 - 6*b - 15. What is the tens digit of z(-7)?
7
Suppose 0 = -4*f - 8, 3*b - 2*f + 0*f = -5. What is the units digit of 2/(-6)*81/b?
9
Suppose 0 = -4*c - c + k + 3, 3*c + 5*k = -15. Let q = 3 + c. Suppose -4*r + 2*r - q*m - 3 = 0, 4*m = -12. What is the units digit of r?
3
Let d(m) = -m**2 + 8*m + 13. What is the units digit of d(9)?
4
Suppose -4*l + 50 = 3*c, 5*c + 8 = 2*l - 30. Suppose -5*k - 4 = -l. What is the units digit of (k + -4)/((-4)/10)?
5
Let t = 52 - 83. Let v = t + 51. What is the tens digit of v?
2
Let l = -228 + 352. What is the tens digit of l?
2
Let s = 5 + -2. Suppose 2*a + 4*j - 30 = 0, -s*a + 52 = a + 4*j. What is the tens digit of a?
1
Suppose r = 6*r + 5, 0 = -5*d - 4*r + 1501. What is the tens digit of d?
0
Suppose -5*s + 207 = p - 593, 3*s - 5*p = 508. What is the hundreds digit of s?
1
Suppose 2*m - 52 = 4*m. Let f = -12 - m. What is the tens digit of f?
1
Let n = -9 + 5. Let j(s) = -s - 2. Let i(u) = u + 5. Let g(a) = n*i(a) - 7*j(a). What is the tens digit of g(6)?
1
Suppose -3*s + 138 = 39. What is the tens digit of s?
3
Let u(l) = l**2 - 8*l + 9. What is the units digit of u(9)?
8
Let q(k) = -k**3 - k**2 + 9. Let y be q(0). Suppose z = -2*z + y. Let n = z - -3. What is the units digit of n?
6
Suppose 434 = 6*z - 1594. What is the units digit of z?
8
Let z(g) = -g**2 - 10*g - 6. Let x(t) = -3*t**2 - 30*t - 17. Let c(d) = 6*x(d) - 17*z(d). What is the units digit of c(-7)?
1
Let i = -8 - -98. What is the tens digit of i?
9
Let c be (-33)/(-22)*(-76)/(-6). Suppose 2*l + 6 = -l, -j = -2*l - c. What is the tens digit of j?
1
Let h = 108 - 56. Let c = h - 15. What is the units digit of c?
7
Let m = 47 + 29. What is the tens digit of m?
7
Suppose -5*y + 12*y = 189. What is the units digit of y?
7
Let g(n) = -12*n + 3. Let c = 7 - 5. Let o be g(c). What is the units digit of (-14)/4*12/o?
2
Suppose 0 = -2*d + 54 + 96. Let a = -54 + d. Suppose a = 5*g - 2*p - 0*p, 4*p = 8. What is the units digit of g?
5
Suppose -2 - 4 = -3*o. Suppose -o*r + 6 = r. Suppose r*f = 1 + 9. What is the units digit of f?
5
Suppose -2*o = 2*o + 16. Let i = o + 7. Suppose 0 = -2*k + i*k - 10. What is the units digit of k?
0
What is the hundreds digit of (27/6)/((-4)/(-136) + 0)?
1
Let s(i) = i**2. Suppose 5*h - h = 0. Suppose h*f = -3*f - 6. What is the units digit of s(f)?
4
Suppose 2*r + 214 = 2*t - 0*r, r - 107 = -t. What is the units digit of t?
7
Suppose -3*q - 16 = -5*q. Suppose 4*k - 4 = q. What is the units digit of k?
3
Let h(r) = -r - 7. Suppose 2*g - 6*g - 32 = 0. What is the units digit of h(g)?
1
Let c(v) = v**2 - v. Let j be c(0). Suppose 2*o + 0*b = -2*b + 6, 4*b = j. What is the units digit of o?
3
Let c(t) = t**2 - 5*t + 4. Let j be c(3). Let r be j/6*(-1 + 1). Suppose 4*u = -r*u + 36. What is the units digit of u?
9
What is the tens digit of ((-910)/(-30))/((-1)/(-3))?
9
Let c = -2 + 21. What is the tens digit of c?
1
Suppose -2*l = l + 33. Let k(j) = j**3 + 10*j**2 - 11*j + 4. Let v be k(l). Suppose -v*n + 9*n - 10 = 0. What is the units digit of n?
2
Suppose -3*r = -5*h + 23 - 4, 3*r + 26 = -2*h. Let x = 18 + r. Suppose i + i - x = 3*u, 5*i - 38 = u. What is the units digit of i?
8
Suppose -5*u + w = -84, -4*u - 3*w = -56 + 4. Let x = -14 + u. What is the units digit of x?
2
Let x = -4 + 4. Suppose -4*o + 1 - 5 = x. What is the units digit of (-1)/2*-10 - o?
6
Suppose -2*h = -2*l + 58, -5*l + 85 = -2*l - 2*h. Let t = -27 - -66. Let p = t - l. What is the units digit of p?
2
Let l(y) = -56*y**3 + 4*y**2 + 4*y + 9. Let d(h) = 14*h**3 - h**2 - h - 2. Let j(p) = -9*d(p) - 2*l(p). What is the units digit of j(-1)?
4
Let d(l) = 4*l**2 - 2*l - 11. Let s(x) = -9*x**2 + 3*x + 23. Let p(w) = 7*d(w) + 3*s(w). Let n = 27 + -19. What is the units digit of p(n)?
6
Suppose 0 = -3*p + 19 - 4. Let z be (0 + 1)*0*-1. Let i = p + z. What is the units digit of i?
5
Let y(j) = -j**2 - 4*j. Let a be y(-3). Suppose 0*v + 3*v - 45 = a*p, p - 36 = -2*v. What is the units digit of v?
7
Suppose 3*k = -9 + 3. Suppose -7 = -3*w + 8. Let m = k + w. What is the units digit of m?
3
Let s(f) = -3*f. Let j(o) = o**3 + 7*o**2 + 5*o - 3. Let n be j(-6). Let h(v) = -3*v. Let i(c) = n*h(c) - 2*s(c). What is the units digit of i(-2)?
6
Let g = -3 - -7. Suppose -g*y + 70 = -18. What is the tens digit of y?
2
Let p = -139 + 497. What is the units digit of p?
8
Let g = 38 - 36. What is the units digit of g?
2
What is the tens digit of 3*4/42 + (-845)/(-7)?
2
Let v = -153 - -294. What is the tens digit of v?
4
What is the tens digit of 84 + -2 - (-1 - -2)?
8
Suppose -c = -3*r, 3*c + 5*r = -0*c. Suppose -5*s = -c*s. Suppose s = 3*k + 2*k + 20, -i + 21 = -5*k. What is the units digit of i?
1
Let g = -45 + 24. Let v(a) = -a - 6. Let d be v(7). Let i = d - g. What is the units digit of i?
8
Suppose 0 = -2*u + 2*s + 4 + 2, -4*u + 2*s + 10 = 0. Suppose 7*z = u*z + 205. What is the tens digit of z?
4
Let w(t) = 16*t - 1. Let c(o) = o**2 - 8*o + 8. Let u be c(7). Let b be w(u). Suppose 0*a = 3*a + 4*q - b, 4*a - 20 = 5*q. What is the units digit of a?
5
What is the units digit of (-2)/(-9) + 70/9?
8
Suppose -32 = -3*c - c. Suppose -c = -3*u + 37. Let x = -9 + u. What is the units digit of x?
6
Let x be (2/(-5))/((-3)/(-150)). Let z = -7 - x. Let o = -4 + z. What is the units digit of o?
9
Let s(t) = t**2 - 3*t + 12. What is the tens digit of s(5)?
2
Let a = -4 - -25. What is the tens digit of a?
2
Let j(x) = -x**2 + 4*x - 3. Let t be j(3). Suppose -2*m - 2*b - 14 = t, 2*b = 3*m + b + 29. Let a = -7 - m. What is the units digit of a?
2
Let o(j) = j. Let z be o(3). Let t(a) = -6*a - a**3 + a**2 + 2*a**z + a**2 + a**2 - 4. What is the units digit of t(-4)?
4
Let n be (-2)/(-5) - (-15)/25. Suppose 10 + n = o. What is the units digit of o?
1
What is the hundreds digit of (-159)/(-1) - 6/(-9)*-3?
1
Let v(u) = -5*u**3 + 11*u**2 - 15 - 2*u**3 - 3*u + 2*u**3 + 6*u**3. What is the units digit of v(-11)?
8
What is the tens digit of (-96)/40*(29*-1 + -1)?
7
Suppose y = 6*y + 3*f + 54, 2*f = -6. Let o be ((-30)/y)/((-4)/30). What is the tens digit of ((-16)/20)/(2/o)?
1
Suppose 3*o - r = 20, o = 3*o - 2*r - 16. Suppose q + o = 4*q. What is the units digit of (-2)/(2/(-2)*q)?
1
Suppose 5*p - 4*g + 51 = 406, 2*g - 142 = -2*p. Suppose 4 = 5*t + j - p, -58 = -3*t + 2*j. What is the units digit of t?
6
Let n = -9 + 9. Suppose -3*t + 3*w + 45 = n, 0 = 5*t - w + 3*w - 47. What is the tens digit of t?
1